{"id":11,"date":"2015-01-18T17:05:02","date_gmt":"2015-01-18T20:05:02","guid":{"rendered":"http:\/\/www.marina-jacare-village.com\/wordpress\/?page_id=11"},"modified":"2020-06-04T09:21:09","modified_gmt":"2020-06-04T12:21:09","slug":"le-commerce","status":"publish","type":"page","link":"http:\/\/www.marina-jacare-village.com\/wordpress\/le-commerce\/","title":{"rendered":"Commerces"},"content":{"rendered":"<p><strong>Transports locaux : <\/strong>Au d\u00e9part du village de Jacar\u00e9, un bus dessert Jo\u00e3o Pessoa environ toutes les \u00bd heures. Un petit train tr\u00e8s pittoresque va toutes les 20 minutes alternativement vers Cabedelo et Jo\u00e3o Pessoa.<\/p>\n<p><strong>Bus :\u00a0<\/strong>Les bus entre Cabedelo, Jacar\u00e9, et Jo\u00e3o Pessoa passent tous sur la \u00ab BR \u00bb (route \u00e0 quatre voies) qui se trouve \u00e0 10 minutes de marche du village. Il y a un arr\u00eat de bus juste \u00e0 droite de la station service Posto de Jacar\u00e9 pour la direction Jo\u00e3o Pessoa, et un autre de l\u2019autre c\u00f4t\u00e9 de la route, pour Cabedelo\u2026<\/p>\n<p><strong>Taxis :\u00a0<\/strong>Faciles \u00e0 trouver \u00e0 Jacar\u00e9 et \u00e0 peu pr\u00e8s partout\u2026\u00e9vitez les taxis clandestins\u2026Ils doivent \u00eatre \u00e9quip\u00e9s d\u2019un compteur, avec un tarif de jour et un tarif de nuit. Il est \u00e9galement possible de n\u00e9gocier avec le chauffeur un forfait pour une course d\u00e9termin\u00e9e, de m\u00eame qu\u2019il existe des prix \u00e0 la course pour des circuits d\u2019excursions touristiques\u2026<\/p>\n<p><strong>Location de voitures :\u00a0<\/strong>Vous trouverez des renseignements et possibilit\u00e9s de r\u00e9servation de voitures ou de buggys avec ou sans chauffeur \u00e0 la r\u00e9ception de Marina Jacar\u00e9 Village<br \/>\nOn trouve de nombreuses agences de location, essentiellement regroup\u00e9es \u00e0 proximit\u00e9 du quartier de Tambau (bord de mer, en bas de l\u2019avenue Rui Carneiro) et le long de cette m\u00eame avenue.<\/p>\n<p><strong>Connexion A\u00e9rienne : <\/strong>Jo\u00e3o Pessoa dispose depuis peu d\u2019un nouvel a\u00e9roport international : Le nombre de vols internationaux directs et de connexions, encore assez restreint, va croissant \u2026<\/p>\n<p>La plupart des destinations internationales sont accessibles au d\u00e9part de R\u00e9cife (110 km, liaison par bus ou par taxi -forfait aller-retour-, \u00e0 partir de Jo\u00e3o Pessoa) ainsi qu&rsquo;au d\u00e9part de Natal.<\/p>\n<p><strong>Poste :\u00a0<\/strong>Il y a un bureau de poste dans la galerie marchande de la station service Petrobras qui se trouve de l\u2019autre c\u00f4t\u00e9 de la \u00ab\u00a0BR\u00a0\u00bb en sortant de Jacar\u00e9. Ouvert du lundi au vendredi, de 8h \u00e0 12h et de 13h \u00e0 17h.<\/p>\n<p><strong>Monnaie :\u00a0<\/strong>Il y a de nombreux distributeurs de monnaie locale (le \u00ab R\u00e9al \u00bb), mais le distributeur \u00e9lectronique le plus proche acceptant les cartes bancaires Visa International se trouve dans les postes \u00e0 essence localis\u00e9s de part et d&rsquo;autre de la quatre voies (BR). Vous en trouverez \u00e9galement un autre au centre commercial Mana\u00efra. Pr\u00e9f\u00e9rez les agences de la banque Bradesco, facilit\u00e9s de retrait et frais minimes.<br \/>\nL\u2019autre fa\u00e7on de se procurer du liquide en monnaie locale est d&rsquo;aller dans les agences de change, qui pratiquent des taux int\u00e9ressants : vous en trouverez une entre autre au centre commercial Mana\u00efra (2\u00b0 \u00e9tage), et une autre Avenue Nego N\u00b046, dans l\u2019agence de voyage Mond\u00e9o, \u00e0 Tambau\u2026<\/p>\n<p><strong><a href=\"http:\/\/www.marina-jacare-village.com\/wordpress\/wp-content\/uploads\/2015\/01\/commerces4.jpg\"><img decoding=\"async\" loading=\"lazy\" class=\"alignleft size-thumbnail wp-image-143\" src=\"http:\/\/www.marina-jacare-village.com\/wordpress\/wp-content\/uploads\/2015\/01\/commerces4-150x150.jpg\" alt=\"commerces4\" width=\"150\" height=\"150\" \/><\/a>M\u00e9decine :\u00a0<\/strong>La couverture m\u00e9dicale priv\u00e9e est de bonne qualit\u00e9 et couvre tous les secteurs de sp\u00e9cialit\u00e9s. Vous trouverez de nombreux cabinets priv\u00e9s r\u00e9partis sur l\u2019ensemble de la ville. Les soins dentaires et ophtalmologiques sont particuli\u00e8rement bon march\u00e9 en comparaison de l\u2019Europe&#8230;<br \/>\nNe comptez pas sur la m\u00e9decine publique, qui laisse r\u00e9ellement \u00e0 d\u00e9sirer\u2026<\/p>\n<p><strong>Moustiques :\u00a0<\/strong>Il y a 2 types de moustiques dans la r\u00e9gion : un \u00e0 longues pattes, qui pique de nuit, et l\u2019autre tout petit, qui se d\u00e9place en bandes et appara\u00eet sporadiquement, entre les mois de Mars et Mai ; on se prot\u00e8ge facilement de leurs piq\u00fbres, uniquement d\u00e9sagr\u00e9ables, avec un quelconque \u00ab r\u00e9pulsif \u00bb\u2026Il n\u2019y a aucun risque de paludisme, ou malaria. Certains moustiques transmettent une fi\u00e8vre appel\u00e9e la Dengue, dont les sympt\u00f4mes sont essentiellement une grande fatigue et des maux de t\u00eate (comparables \u00e0 la grippe) et passent avec la prise de parac\u00e9tamol et un repos total de 1 \u00e0 2 jours (proscrire absolument l\u2019aspirine en cas de dengue). De mani\u00e8re g\u00e9n\u00e9rale il est pr\u00e9f\u00e9rable de consulter un m\u00e9decin et, lorsque l\u2019on arrive sous ces latitudes, on peut conseiller d\u2019\u00e9quiper le bateau de moustiquaires.<\/p>\n<p><strong>Commerces :\u00a0<\/strong>Au long de la rue du village de Jacar\u00e9, \u00e0 deux pas de Marina Jacar\u00e9 Village, se trouvent plusieurs \u00e9piceries, une boulangeri, o\u00f9 l\u2019on trouve tous les produits de premi\u00e8re n\u00e9cessit\u00e9, fruits, l\u00e9gumes, boissons, eau min\u00e9rale, de la glace etc&#8230;<\/p>\n<p><strong>Eau min\u00e9rale :\u00a0<\/strong>L\u2019eau du r\u00e9seau est tout \u00e0 fait potable, bien que relativement chlor\u00e9e au go\u00fbt ; on trouve de l\u2019eau min\u00e9rale en bonbonnes de 20 l. et de 5 l. en vente en ville.<\/p>\n<p><strong>Glace :\u00a0<\/strong>La glace est couramment vendue dans le commerce, les stations services, supermarch\u00e9s etc, en sac de 2 kg, sous forme de gla\u00e7ons.<\/p>\n<p><strong><a href=\"http:\/\/www.marina-jacare-village.com\/wordpress\/wp-content\/uploads\/2015\/01\/commerces3.jpg\"><img decoding=\"async\" loading=\"lazy\" class=\"alignleft size-thumbnail wp-image-146\" src=\"http:\/\/www.marina-jacare-village.com\/wordpress\/wp-content\/uploads\/2015\/01\/commerces3-150x150.jpg\" alt=\"commerces3\" width=\"150\" height=\"150\" \/><\/a><a href=\"http:\/\/www.marina-jacare-village.com\/wordpress\/wp-content\/uploads\/2015\/01\/commerces2.jpg\"><img decoding=\"async\" loading=\"lazy\" class=\"alignright size-thumbnail wp-image-145\" src=\"http:\/\/www.marina-jacare-village.com\/wordpress\/wp-content\/uploads\/2015\/01\/commerces2-150x150.jpg\" alt=\"commerces2\" width=\"150\" height=\"150\" \/><\/a>Super March\u00e9s :\u00a0<\/strong>Il y a trois supermarch\u00e9s sur l\u2019avenue principale d\u2019Intermares (traverser la BR) en face de Jacar\u00e9, accessibles \u00e0 pied ; le plus petit des deux , \u00ab Menor Pre\u00e7o\u00bb, se trouve juste apr\u00e8s la station service Petrobras d\u2019Intermares, l\u2019autre, \u00ab Litoral \u00bb, est \u00e0 peu pr\u00e8s \u00e0 mi-chemin entre la BR et la mer. Plus proches de la mer se trouve le Santiago. Notons que la boutique de la station service Intermares est bien achaland\u00e9e et ouverte toute la nuit.<\/p>\n<p>Les 2 grands hyper march\u00e9s les plus proches sont le Carrefour et le Bompre\u00e7o, voisins, \u00e0 4 km environ le long de la BR en direction de Jo\u00e3o Pessoa. Les bus s\u2019arr\u00eatent devant, et il est facile d\u2019y trouver un taxi pour revenir\u2026<\/p>\n<p><strong>Linge : <\/strong>Marina Jacar\u00e9 Village propose un service de laverie en machine, avec s\u00e9chage, pliage et repassage\u2026<br \/>\n<a href=\"http:\/\/www.marina-jacare-village.com\/wordpress\/wp-content\/uploads\/2015\/01\/laundry.jpg\"><img decoding=\"async\" loading=\"lazy\" class=\"alignnone size-medium wp-image-147\" src=\"http:\/\/www.marina-jacare-village.com\/wordpress\/wp-content\/uploads\/2015\/01\/laundry-300x163.jpg\" alt=\"laundry\" width=\"300\" height=\"163\" srcset=\"http:\/\/www.marina-jacare-village.com\/wordpress\/wp-content\/uploads\/2015\/01\/laundry-300x163.jpg 300w, http:\/\/www.marina-jacare-village.com\/wordpress\/wp-content\/uploads\/2015\/01\/laundry.jpg 850w\" sizes=\"(max-width: 300px) 100vw, 300px\" \/><\/a><\/p>\n<p><strong>Photocopies et cartes :\u00a0<\/strong>Il est possible de faire toutes sortes de photocopies (ici appel\u00e9es \u00ab xerox \u00bb, prononcez \u00ab ch\u00e9rox \u00bb), tirages de plan, et cartes nautiques dans de nombreux points en ville\u2026<\/p>\n<p><strong>Mat\u00e9riel nautique et r\u00e9parations :\u00a0<\/strong>La rue \u00ab Maciel Pinheiro \u00bb est la rue commer\u00e7ante par excellence pour tout ce qui est technique, m\u00e9canique, automobile, outillage, mat\u00e9riaux de construction en g\u00e9n\u00e9ral, hydraulique, plomberie (vannes PVC et Inox), \u00e9lectricit\u00e9\u2026 On y trouve plusieurs vendeurs de batteries, des tourneurs, fraiseurs etc.<br \/>\nElle se trouve dans la ville basse de Jo\u00e3o Pessoa, facile d\u2019acc\u00e8s \u00e0 pied en arrivant de Jacar\u00e9 par le train : au sortir de la gare, traverser en face la grande place et monter la rue droit devant ; c\u2019est la premi\u00e8re rue que vous croiserez.. Notez \u00e9galement que en bas \u00e0 droite de cette rue montante, le long de la place, se trouvent deux tourneurs, et plus loin un magasin de m\u00e9taux (t\u00f4les, profils, d\u2019acier, bronze, inox, t\u00e9flon)<br \/>\nLe long de la BR, sur la droite, avant d\u2019arriver aux hyper march\u00e9s, se trouvent \u00e9galement deux grands magasins, l\u2019un d\u2019outillage, \u00ab o Borrach\u00e3o \u00bb, qui a notamment toutes sortes de tuyaux et durites et joints n\u00e9opr\u00e8nes, l\u2019autre, \u00ab Projeta \u00bb, tout ce qui est mat\u00e9riel de construction, tr\u00e8s bien achaland\u00e9s.<br \/>\nPour ce qui est du mat\u00e9riel sp\u00e9cifiquement nautique, les quelques magasins nautiques r\u00e9pondent plus \u00e0 la demande locale, essentiellement de petites embarcations \u00e0 moteur, qu\u2019aux besoins de la voile hauturi\u00e8re. Tout ce qui est mat\u00e9riel nautique plus sp\u00e9cifique peut \u00eatre command\u00e9 via catalogue \u00e0 Marina Jacar\u00e9 Village\u2026en attendant l\u2019ouverture d\u2019une future boutique nautique.<\/p>\n<p><strong>Voilerie et boutique de mat\u00e9riel nautique :<\/strong> Christophe est install\u00e9 dans l&rsquo;enceinte de la Marina et propose des travaux de voilerie, de menuiserie et de la vente de mat\u00e9riel.<\/p>\n<p><strong>Inox :<\/strong> il est possible de faire r\u00e9aliser tous travaux d\u2019inox sur place, de qualit\u00e9 raisonnable.<\/p>\n<p><strong>Electronique nautique : <\/strong>De bons \u00e9lectriciens r\u00e9solvent la plupart des probl\u00e8mes\u2026tant qu\u2019il n\u2019y a pas besoin de pi\u00e8ces d\u00e9tach\u00e9es sp\u00e9cifiques.<\/p>\n<p><strong>Informatique :<\/strong> Tr\u00e8s d\u00e9velopp\u00e9e au Br\u00e9sil, l\u2019informatique ne pose pas de probl\u00e8me majeur d\u2019entretien, tant hardware que software\u2026<\/p>\n<p><strong>Petit avertissement :<\/strong> Pour tout ce qui est r\u00e9paration au Br\u00e9sil, si tout est possible, ne vous attendez pas \u00e0 la m\u00eame rapidit\u00e9 et efficacit\u00e9 que ce que vous \u00eates peut-\u00eatre habitu\u00e9s \u00e0 trouver de l\u2019autre c\u00f4t\u00e9 de la Grande Bleue\u2026La notion de temps \u00e9tant diff\u00e9rente, une certaine dose de patience peut parfois \u00eatre n\u00e9cessaire !<\/p>\n<p><strong>Vie nocturne :\u00a0<\/strong>Elle est principalement concentr\u00e9e autour de la plage centrale de Tambau, accessible par bus et taxis.<br \/>\n<a href=\"http:\/\/www.marina-jacare-village.com\/wordpress\/wp-content\/uploads\/2015\/01\/loisirs4.jpg\"><img decoding=\"async\" loading=\"lazy\" class=\"alignnone size-full wp-image-148\" src=\"http:\/\/www.marina-jacare-village.com\/wordpress\/wp-content\/uploads\/2015\/01\/loisirs4.jpg\" alt=\"loisirs4\" width=\"567\" height=\"336\" srcset=\"http:\/\/www.marina-jacare-village.com\/wordpress\/wp-content\/uploads\/2015\/01\/loisirs4.jpg 567w, http:\/\/www.marina-jacare-village.com\/wordpress\/wp-content\/uploads\/2015\/01\/loisirs4-300x178.jpg 300w\" sizes=\"(max-width: 567px) 100vw, 567px\" \/><\/a><\/p>","protected":false},"excerpt":{"rendered":"<p>Transports locaux : Au d\u00e9part du village de Jacar\u00e9, un bus dessert Jo\u00e3o Pessoa environ toutes les \u00bd heures. Un petit train tr\u00e8s pittoresque va toutes les 20 minutes alternativement&hellip; <\/p>\n","protected":false},"author":1,"featured_media":0,"parent":0,"menu_order":0,"comment_status":"closed","ping_status":"closed","template":"","meta":[],"_links":{"self":[{"href":"http:\/\/www.marina-jacare-village.com\/wordpress\/wp-json\/wp\/v2\/pages\/11"}],"collection":[{"href":"http:\/\/www.marina-jacare-village.com\/wordpress\/wp-json\/wp\/v2\/pages"}],"about":[{"href":"http:\/\/www.marina-jacare-village.com\/wordpress\/wp-json\/wp\/v2\/types\/page"}],"author":[{"embeddable":true,"href":"http:\/\/www.marina-jacare-village.com\/wordpress\/wp-json\/wp\/v2\/users\/1"}],"replies":[{"embeddable":true,"href":"http:\/\/www.marina-jacare-village.com\/wordpress\/wp-json\/wp\/v2\/comments?post=11"}],"version-history":[{"count":38,"href":"http:\/\/www.marina-jacare-village.com\/wordpress\/wp-json\/wp\/v2\/pages\/11\/revisions"}],"predecessor-version":[{"id":580,"href":"http:\/\/www.marina-jacare-village.com\/wordpress\/wp-json\/wp\/v2\/pages\/11\/revisions\/580"}],"wp:attachment":[{"href":"http:\/\/www.marina-jacare-village.com\/wordpress\/wp-json\/wp\/v2\/media?parent=11"}],"curies":[{"name":"wp","href":"https:\/\/api.w.org\/{rel}","templated":true}]}}